 - 62. Is l composite?
False
Suppose -m = 3*z - 3349, 15*z - 10007 = -3*m + 14*z. Is m composite?
True
Is (1 - 2)/(6/(-178626)) a composite number?
True
Suppose h + 4*u = -3123, -1937 + 17552 = -5*h + 5*u. Let z = h - -4634. Is z prime?
True
Suppose 3*i + 4*m + 972 = 5115, -3*i + 2*m + 4143 = 0. Is i a composite number?
False
Suppose -341*m = -349*m + 5048. Is m prime?
True
Suppose -4*g + 6 = j, 0 = 3*g - 2*g + 2*j + 2. Suppose 4*m = -3*n + 1064, g*n = 3*m + 4*n - 799. Is 1*(2 + -2 + m) composite?
False
Suppose 2*r - 5*h + 7 = 0, 2*r + 1 = -r - 2*h. Is (2 + r)/(2/3418) composite?
False
Let u(k) = -488*k - 3. Suppose 2*x = -1 + 25. Let r = x + -16. Is u(r) composite?
False
Let d be (385/21)/(-11)*(-6)/5. Suppose 0*i - d*i + 2*v = -244, 274 = 2*i + 4*v. Is i a composite number?
False
Suppose -10992 = -29*f + 5*f. Is f composite?
True
Let o(c) = -16*c - 15. Let p be o(-11). Suppose a - 86 = p. Is a prime?
False
Let n(s) = 3247*s**3 + s**2 + 23*s - 24. Is n(1) a prime number?
False
Suppose -3*w - 6*w - 42777 = 0. Let t = w + 10542. Is t composite?
True
Suppose 0 = -2*v - 3*l + 20722, -8*v + 31097 = -5*v + l. Is v a prime number?
False
Suppose -2*x + 1379 = -10*h + 5*h, x - 709 = -4*h. Suppose 3*i = f - 2*f + x, -5*f = -5*i - 3485. Is f prime?
False
Suppose u + u = -u. Suppose -4*n - 2*q + 6026 = u, -3*q + 4522 = 3*n - 4*q. Is n a composite number?
True
Let x be 2 - -2 - (1 + -1357). Suppose -x = -2*r - 2*n - 0*n, -3*n + 2725 = 4*r. Is r a composite number?
True
Suppose 3*p - 16684 = 25637. Is p a composite number?
False
Let z = -4544 - -13203. Is z a composite number?
True
Suppose 4*j - 219472 = q, -4*j = 3*q - 158317 - 61171. Is j a composite number?
False
Let y(v) = -27*v**3 - 16*v**2 + 7*v - 17. Is y(-6) a prime number?
True
Suppose 0 = 15*a - 74 - 31. Suppose -1955 = a*h - 7464. Is h a composite number?
False
Let p(o) be the third derivative of o**5/60 + 5*o**4/24 + o**3 + 3*o**2. Let i be p(-5). Suppose 5*j - 9 = i. Is j prime?
True
Suppose 5*s - 2485 - 4170 = 0. Let j = -780 + s. Is j composite?
True
Let w(b) = 8*b**2 + 14*b - 89. Is w(-17) a prime number?
False
Let b = -628 + 1007. Is b a composite number?
False
Let k = -72 + 66. Is 1590/9*(-9)/k a composite number?
True
Let u(m) be the first derivative of -m**2/2 - 5*m - 4. Let g be u(-7). Suppose 0 = 5*h - 2*w - 284, -3*h = 2*h + g*w - 296. Is h prime?
False
Suppose -8*d + 12*d = 0. Suppose d = 4*z - z + 687. Let p = z - -344. Is p composite?
True
Let k = -83 - -59. Let w = -382 - -261. Let y = k - w. Is y composite?
False
Let x(k) = k + 27. Suppose -b + 3 = 4*u + 23, 2*u = -b - 10. Is x(u) a prime number?
False
Let y be ((-39)/6)/(1/(-22)). Suppose 28*t = 33*t - 10. Suppose -83 - y = -t*j. Is j composite?
False
Let m = 8874 + -4248. Let l = 6509 - m. Is l composite?
True
Let o = 429 - 1561. Is (o/8 + 3)*-2 prime?
True
Let s = 82 - 168. Let f = s + 165. Is f prime?
True
Suppose 5*n - 209825 = 5*h, n - 3191 = -h + 38776. Is n a composite number?
True
Let p = 452 + -381. Is p a composite number?
False
Suppose 9*r + 4 = 1435. Suppose -3*p - r = -2*q - q, 3*q = 2*p + 163. Is q a prime number?
False
Suppose -5*v + 16 - 1 = 0. Let o(p) = 108*p + 7. Is o(v) a prime number?
True
Suppose 0 = -2*b + 597 + 13013. Is b prime?
False
Suppose 4*r = 800 - 292. Is r prime?
True
Suppose -h = h + 436. Let v = -59 - h. Suppose 3*z + 19 - 178 = f, -3*z = -4*f - v. Is z composite?
False
Let c be -135 - (-1 - 0)*2. Suppose 2*l + 4 - 52 = k, 2*k + 120 = -2*l. Let s = k - c. Is s composite?
True
Let f = -2 - -143. Is f a composite number?
True
Suppose -3*p = 3*b + 576, 5*b + 4*p - 520 = -1478. Let n = 281 + b. Is n composite?
True
Let y = 2939 - 1282. Is y composite?
False
Let j = -8532 + 12361. Is j prime?
False
Let w = 1579 + -548. Is w a composite number?
False
Let x(f) be the third derivative of f**5/6 + f**4/6 - 7*f**3/6 + 13*f**2. Is x(-5) prime?
True
Let q(s) = s**3 - 4*s**2 - 2*s + 12. Let x be q(4). Suppose g - 1143 = x*m, -g - 3*m = -5*g + 4598. Is g a composite number?
False
Suppose -x = -9*x + 52800. Suppose -5*y = -5, -7*y = 5*i - 2*y - x. Is i a composite number?
False
Is 1*(3087 + 2)*3 a prime number?
False
Is 33296 - (-12 - 5 - -12) a composite number?
False
Suppose 985*f - 968*f = 59687. Is f composite?
False
Let h be (-14)/(-3) + 2/(-3). Let g = -22 + h. Let m = 16 - g. Is m prime?
False
Let w = -1461 + 5282. Is w composite?
False
Suppose -38543 = 3*s - 270920. Is s a composite number?
True
Let q(d) be the third derivative of -d**6/20 - d**5/30 + d**4/8 + 4*d**2. Let j be q(4). Let t = 709 + j. Is t a prime number?
False
Let h = 2 + -1. Let i(p) = p + 1. Let s(m) = -40*m. Let a(r) = -i(r) - s(r). Is a(h) composite?
True
Is (-2 + -1)*(-5 - (-25458)/(-9)) a prime number?
True
Let b = -504 - -1061. Is b a prime number?
True
Suppose 0 = 13*t - 4*t - 27. Suppose -2*w - 3 = t. Is 74/(2*w/(-21)) a composite number?
True
Suppose 25*x = -5*x + 94830. Is x composite?
True
Suppose 0 = 5*u + 5, -8*u - 28968 = -3*s - 5*u. Is s a composite number?
True
Let b = 18 + -18. Is -4 - (-7 + b)*221 a prime number?
True
Let x = 216 - 210. Suppose 4*l = 3*l - 4. Is 67 + -3*l/x a prime number?
False
Is -3 - ((-222)/4)/(3/16) composite?
False
Let u(z) = 3*z**2 + 2 - 2*z - 5*z**2 + 0 + 4*z**2 + 16*z**3. Let w be u(3). Suppose -4*p + 6*p = w. Is p prime?
True
Let u be (-8)/12 - (-2715)/9. Let n = -59 - -23. Let k = u + n. Is k prime?
False
Let a(s) = -67*s - 4. Let o(r) = -r + 3. Let p be o(7). Let w be a(p). Suppose 3*g - g - q - 263 = 0, -w = -2*g + 2*q. Is g a prime number?
True
Let u be (-5 - -3) + (-7)/((-7)/6). Is (1/2)/(u/6008) a composite number?
False
Is 13/((-26)/4) + 3849 prime?
True
Suppose 3*r - 5*r + 372 = 0. Let l = 51 + r. Is l prime?
False
Suppose 2*i = 3*i - 6803. Is i a prime number?
True
Suppose -4*o - 655 = -2551. Suppose 0 = 15*d - 18*d + o. Is d prime?
False
Let l be 2/(-4)*(8 - 3)*-2. Suppose 3*z + v - 227 = 811, 0 = l*z + 5*v - 1720. Is z prime?
True
Suppose -4*l = -2*h - 28 - 684, -5*h - 1770 = -5*l. Let s = -165 - h. Is s a prime number?
False
Let t be (498/18)/((-3)/(-279)). Let x = t + -1834. Let u = x + -422. Is u a composite number?
False
Suppose 0*t + 5*z = -t - 17, -3*z - 15 = -t. Suppose -2*h = -t*h - 10. Let d(a) = 5*a**2 + 15*a + 9. Is d(h) a prime number?
True
Suppose 2*v + 4*t = 6, 0 + 3 = v + 3*t. Suppose -v*j - 2*j + 9175 = 0. Is j composite?
True
Suppose 0 = -487*i + 492*i - 9515. Is i prime?
False
Let s(z) = 3*z. Let n be s(4). Let t = -12 + n. Suppose 3*i + i - 364 = t. Is i composite?
True
Let s be 4/12*-3*443. Let x = -282 - s. Is x composite?
True
Is 51/34*((-23993)/(-3) - 1) prime?
False
Let m be 20/8*(-2)/(-1). Let v be (-11 + 5)/(-2) + 34/(-2). Is m*v*(-1)/2 composite?
True
Let d = 150 + -147. Suppose -h + 2*g = -0*g + 5, 2*g - 20 = -2*h. Suppose d*m - 7*m = -5*l + 315, l - h*m = 84. Is l composite?
False
Let l = -100 - -146. Is (l/6)/(((-24)/18)/(-4)) composite?
False
Suppose -g - x = 2*x + 10, 3*x + 15 = 0. Let s(a) = 9*a**2 - 11*a - 14. Let z(b) = 13*b**2 - 17*b - 21. Let v(y) = g*z(y) - 7*s(y). Is v(-6) composite?
False
Let m be 109/(-2 - 6/(-2)). Let a = 562 - m. Is a composite?
True
Let o be (1 - 5)*(-10 - -12). Let c(z) = -2*z**3 + 2*z**2 + 6*z - 8. Let p be c(o). Suppose -2*t + 6*t = p. Is t prime?
False
Let l(j) = 54*j**2 - 2*j - 9. Let z(s) = -107*s**2 + 3*s + 17. Let v(o) = -5*l(o) - 3*z(o). Let u be v(3). Let h = -205 + u. Is h composite?
False
Let a be 6/(-9)*-3 - -31*71. Is a/((-4)/(-3 + -1)) composite?
False
Suppose 3*c + 1030 = 8*c. Suppose c = 3*x + 23. Is x/2 - (-7)/14 a prime number?
True
Is 2/(-9) + (-245141)/(-117) composite?
True
Suppose 0*k = 2*k - 2*a - 78, k - 34 = -4*a. Is (k/3)/((42/(-207))/(-7)) a prime number?
False
Let z = 435 + 296. Is z composite?
True
Let k = 52618 - 37191. Is k a composite number?
False
Let s(o) = -6*o - 34. Let d be s(-5). Suppose -2*z = 3*h + 3*z - 1, 3*z = -4*h + 5. Is h/d*(3 - 145) a prime number?
True
Suppose -4*n + 2389 = 3*l - 5*n, 0 = 2*l - n - 1592. Is l a prime number?
True
Suppose 3365 = 5*b - 2930. Is b prime?
True
Let u(t) = 37*t**3 + t**2 + 3*t - 5. Let r = -12 + 14. Is u(r) a prime number?
False
Suppose -3*m - 4*i = 2*m - 51215, 4*m = i + 40972. Is m a prime number?
True
Suppose 4 + 4 = 5*w - u, 4*u = 3*w